{"id":565,"date":"2017-12-13T10:21:24","date_gmt":"2017-12-13T16:21:24","guid":{"rendered":"http:\/\/xolvento.com\/?page_id=565"},"modified":"2021-08-03T19:40:34","modified_gmt":"2021-08-04T00:40:34","slug":"corrosion","status":"publish","type":"page","link":"https:\/\/xolvento.com\/index.php\/corrosion\/","title":{"rendered":"Prevenci\u00f3n de la Corrosi\u00f3n"},"content":{"rendered":"<p>La NACE (National Association of Corrosion Engineers), <a href=\"https:\/\/inspectioneering.com\/news\/2016-03-08\/5202\/nace-study-estimates-global-cost-of-corrosion-at-25-trillion-ann\" target=\"_blank\" rel=\"noopener\">estableci\u00f3 el costo global de la\u00a0 Corrosi\u00f3n en\u00a0 2.5 Trillones<\/a> USD, equivalente aproximadamente a un 3.4% del Producto Interno Bruto Global. En M\u00e9xico no se tienen mediciones precisas de este costo , aunque se estima en un 2.5% del PIB (dado principalmente por la infraestructura de transporte y proceso de Pemex).<\/p>\n<p>En Xolvento contamos con un amplio abanico de productos y servicios para monitorear y\u00a0 prevenir la corrosi\u00f3n.<\/p>\n<p>Desarrollamos pruebas de velocidad de corrosi\u00f3n en equipos de proceso, de transporte (tuber\u00edas) y de almacenamiento.<\/p>\n<p>Formulamos tratamiento fisicoqu\u00edmicos de prevenci\u00f3n de corrosi\u00f3n.<\/p>\n<p>Eliminamos presencia de gases \u00e1cidos <span style=\"color: #993300;\"><strong>(O<sub>2<\/sub>, CO<sub>2<\/sub>, H<sub>2<\/sub>S)\u00a0<\/strong><\/span>en flu\u00eddos de proceso y de producci\u00f3n.<\/p>\n<p>Nuestra Tecnolog\u00eda <a href=\"https:\/\/xolvento.com\/wp-content\/uploads\/2021\/07\/xolvento-hoja-tecnica-corexol_z92-1.pdf\" target=\"_blank\" rel=\"noopener\"><strong>CoreXOL <\/strong><\/a>ofrece\u00a0\u00a0Inhibidores de Corrosi\u00f3n y Secuestrantes de <span style=\"color: #993300;\"><strong>O<sub>2<\/sub><\/strong><\/span> y <span style=\"color: #993300;\"><strong>H<sub>2<\/sub>S.<\/strong><\/span><\/p>\n\n\n<p><\/p>\n","protected":false},"excerpt":{"rendered":"<p>La NACE (National Association of Corrosion Engineers), estableci\u00f3 el costo global de la\u00a0 Corrosi\u00f3n en\u00a0 2.5 Trillones USD, equivalente aproximadamente a un 3.4% del Producto Interno Bruto Global. En M\u00e9xico no se tienen mediciones precisas de este costo , aunque se estima en un 2.5% del PIB (dado principalmente por la infraestructura de transporte y [&hellip;]<\/p>\n","protected":false},"author":1,"featured_media":610,"parent":0,"menu_order":0,"comment_status":"closed","ping_status":"closed","template":"","meta":{"site-sidebar-layout":"default","site-content-layout":"default","ast-site-content-layout":"default","site-content-style":"default","site-sidebar-style":"default","ast-global-header-display":"","ast-banner-title-visibility":"","ast-main-header-display":"","ast-hfb-above-header-display":"","ast-hfb-below-header-display":"","ast-hfb-mobile-header-display":"","site-post-title":"","ast-breadcrumbs-content":"","ast-featured-img":"","footer-sml-layout":"","ast-disable-related-posts":"","theme-transparent-header-meta":"default","adv-header-id-meta":"","stick-header-meta":"","header-above-stick-meta":"","header-main-stick-meta":"","header-below-stick-meta":"","astra-migrate-meta-layouts":"default","ast-page-background-enabled":"default","ast-page-background-meta":{"desktop":{"background-color":"var(--ast-global-color-4)","background-image":"","background-repeat":"repeat","background-position":"center center","background-size":"auto","background-attachment":"scroll","background-type":"","background-media":"","overlay-type":"","overlay-color":"","overlay-opacity":"","overlay-gradient":""},"tablet":{"background-color":"","background-image":"","background-repeat":"repeat","background-position":"center center","background-size":"auto","background-attachment":"scroll","background-type":"","background-media":"","overlay-type":"","overlay-color":"","overlay-opacity":"","overlay-gradient":""},"mobile":{"background-color":"","background-image":"","background-repeat":"repeat","background-position":"center center","background-size":"auto","background-attachment":"scroll","background-type":"","background-media":"","overlay-type":"","overlay-color":"","overlay-opacity":"","overlay-gradient":""}},"ast-content-background-meta":{"desktop":{"background-color":"var(--ast-global-color-5)","background-image":"","background-repeat":"repeat","background-position":"center center","background-size":"auto","background-attachment":"scroll","background-type":"","background-media":"","overlay-type":"","overlay-color":"","overlay-opacity":"","overlay-gradient":""},"tablet":{"background-color":"var(--ast-global-color-5)","background-image":"","background-repeat":"repeat","background-position":"center center","background-size":"auto","background-attachment":"scroll","background-type":"","background-media":"","overlay-type":"","overlay-color":"","overlay-opacity":"","overlay-gradient":""},"mobile":{"background-color":"var(--ast-global-color-5)","background-image":"","background-repeat":"repeat","background-position":"center center","background-size":"auto","background-attachment":"scroll","background-type":"","background-media":"","overlay-type":"","overlay-color":"","overlay-opacity":"","overlay-gradient":""}},"footnotes":""},"class_list":["post-565","page","type-page","status-publish","has-post-thumbnail","hentry"],"aioseo_notices":[],"_links":{"self":[{"href":"https:\/\/xolvento.com\/index.php\/wp-json\/wp\/v2\/pages\/565","targetHints":{"allow":["GET"]}}],"collection":[{"href":"https:\/\/xolvento.com\/index.php\/wp-json\/wp\/v2\/pages"}],"about":[{"href":"https:\/\/xolvento.com\/index.php\/wp-json\/wp\/v2\/types\/page"}],"author":[{"embeddable":true,"href":"https:\/\/xolvento.com\/index.php\/wp-json\/wp\/v2\/users\/1"}],"replies":[{"embeddable":true,"href":"https:\/\/xolvento.com\/index.php\/wp-json\/wp\/v2\/comments?post=565"}],"version-history":[{"count":1,"href":"https:\/\/xolvento.com\/index.php\/wp-json\/wp\/v2\/pages\/565\/revisions"}],"predecessor-version":[{"id":1512,"href":"https:\/\/xolvento.com\/index.php\/wp-json\/wp\/v2\/pages\/565\/revisions\/1512"}],"wp:featuredmedia":[{"embeddable":true,"href":"https:\/\/xolvento.com\/index.php\/wp-json\/"}],"wp:attachment":[{"href":"https:\/\/xolvento.com\/index.php\/wp-json\/wp\/v2\/media?parent=565"}],"curies":[{"name":"wp","href":"https:\/\/api.w.org\/{rel}","templated":true}]}}