{"id":571,"date":"2017-12-13T13:20:22","date_gmt":"2017-12-13T19:20:22","guid":{"rendered":"http:\/\/xolvento.com\/?page_id=571"},"modified":"2021-08-03T19:41:39","modified_gmt":"2021-08-04T00:41:39","slug":"bacteria","status":"publish","type":"page","link":"https:\/\/xolvento.com\/index.php\/bacteria\/","title":{"rendered":"Bacteria"},"content":{"rendered":"<p>La producci\u00f3n de petr\u00f3leo y gas requiere del tratamiento\u00a0 de grandes vol\u00famenes de agua para su uso como aditivo en fluidos de perforaci\u00f3n y producci\u00f3n, as\u00ed\u00a0 como durante su disposici\u00f3n final en re inyecci\u00f3n a pozos letrina.<\/p>\n<p>Los pozos de petr\u00f3leo y gas son sensibles al crecimiento bacteriano, por lo que el agua de servicio\u00a0 ha de ser tratada para ser reutilizada, siendo los choques con bactericida una alternativa para controlar principalmente las bacterias Reductoras de Sulfato (SRB) que pueden causar corrosi\u00f3n y serios taponamientos del pozo y dem\u00e1s medios de transporte, reduciendo la producci\u00f3n de petr\u00f3leo.<\/p>\n<p>En <span style=\"color: #993300;\"><strong>Xolvento<\/strong><\/span> contamos con nuestra l\u00ednea de productos <a href=\"https:\/\/xolvento.com\/wp-content\/uploads\/2021\/07\/xolvento-hoja-tecnica-bactoxol_45-1.pdf\" target=\"_blank\" rel=\"noopener\">BactoXOL<\/a> tanto para tratamientos de inyecci\u00f3n continua como para aplicaciones en\u00a0 baches peri\u00f3dicos.<\/p>\n\n\n<p><\/p>\n","protected":false},"excerpt":{"rendered":"<p>La producci\u00f3n de petr\u00f3leo y gas requiere del tratamiento\u00a0 de grandes vol\u00famenes de agua para su uso como aditivo en fluidos de perforaci\u00f3n y producci\u00f3n, as\u00ed\u00a0 como durante su disposici\u00f3n final en re inyecci\u00f3n a pozos letrina. Los pozos de petr\u00f3leo y gas son sensibles al crecimiento bacteriano, por lo que el agua de servicio\u00a0 [&hellip;]<\/p>\n","protected":false},"author":1,"featured_media":294,"parent":0,"menu_order":0,"comment_status":"closed","ping_status":"closed","template":"","meta":{"site-sidebar-layout":"default","site-content-layout":"default","ast-site-content-layout":"default","site-content-style":"default","site-sidebar-style":"default","ast-global-header-display":"","ast-banner-title-visibility":"","ast-main-header-display":"","ast-hfb-above-header-display":"","ast-hfb-below-header-display":"","ast-hfb-mobile-header-display":"","site-post-title":"","ast-breadcrumbs-content":"","ast-featured-img":"","footer-sml-layout":"","ast-disable-related-posts":"","theme-transparent-header-meta":"default","adv-header-id-meta":"","stick-header-meta":"","header-above-stick-meta":"","header-main-stick-meta":"","header-below-stick-meta":"","astra-migrate-meta-layouts":"default","ast-page-background-enabled":"default","ast-page-background-meta":{"desktop":{"background-color":"var(--ast-global-color-4)","background-image":"","background-repeat":"repeat","background-position":"center center","background-size":"auto","background-attachment":"scroll","background-type":"","background-media":"","overlay-type":"","overlay-color":"","overlay-opacity":"","overlay-gradient":""},"tablet":{"background-color":"","background-image":"","background-repeat":"repeat","background-position":"center center","background-size":"auto","background-attachment":"scroll","background-type":"","background-media":"","overlay-type":"","overlay-color":"","overlay-opacity":"","overlay-gradient":""},"mobile":{"background-color":"","background-image":"","background-repeat":"repeat","background-position":"center center","background-size":"auto","background-attachment":"scroll","background-type":"","background-media":"","overlay-type":"","overlay-color":"","overlay-opacity":"","overlay-gradient":""}},"ast-content-background-meta":{"desktop":{"background-color":"var(--ast-global-color-5)","background-image":"","background-repeat":"repeat","background-position":"center center","background-size":"auto","background-attachment":"scroll","background-type":"","background-media":"","overlay-type":"","overlay-color":"","overlay-opacity":"","overlay-gradient":""},"tablet":{"background-color":"var(--ast-global-color-5)","background-image":"","background-repeat":"repeat","background-position":"center center","background-size":"auto","background-attachment":"scroll","background-type":"","background-media":"","overlay-type":"","overlay-color":"","overlay-opacity":"","overlay-gradient":""},"mobile":{"background-color":"var(--ast-global-color-5)","background-image":"","background-repeat":"repeat","background-position":"center center","background-size":"auto","background-attachment":"scroll","background-type":"","background-media":"","overlay-type":"","overlay-color":"","overlay-opacity":"","overlay-gradient":""}},"footnotes":""},"class_list":["post-571","page","type-page","status-publish","has-post-thumbnail","hentry"],"aioseo_notices":[],"_links":{"self":[{"href":"https:\/\/xolvento.com\/index.php\/wp-json\/wp\/v2\/pages\/571","targetHints":{"allow":["GET"]}}],"collection":[{"href":"https:\/\/xolvento.com\/index.php\/wp-json\/wp\/v2\/pages"}],"about":[{"href":"https:\/\/xolvento.com\/index.php\/wp-json\/wp\/v2\/types\/page"}],"author":[{"embeddable":true,"href":"https:\/\/xolvento.com\/index.php\/wp-json\/wp\/v2\/users\/1"}],"replies":[{"embeddable":true,"href":"https:\/\/xolvento.com\/index.php\/wp-json\/wp\/v2\/comments?post=571"}],"version-history":[{"count":3,"href":"https:\/\/xolvento.com\/index.php\/wp-json\/wp\/v2\/pages\/571\/revisions"}],"predecessor-version":[{"id":1789,"href":"https:\/\/xolvento.com\/index.php\/wp-json\/wp\/v2\/pages\/571\/revisions\/1789"}],"wp:featuredmedia":[{"embeddable":true,"href":"https:\/\/xolvento.com\/index.php\/wp-json\/wp\/v2\/media\/294"}],"wp:attachment":[{"href":"https:\/\/xolvento.com\/index.php\/wp-json\/wp\/v2\/media?parent=571"}],"curies":[{"name":"wp","href":"https:\/\/api.w.org\/{rel}","templated":true}]}}